t h(b) = -b**3 + 8*b**2 - 6*b + 4. Let l(d) be the first derivative of -d**4/4 + d**2 - 6. Let q be l(-2). List the prime factors of h(q).
2, 11
Suppose 3*m + 2*f = -1895, 15*m - f = 13*m - 1261. Let x = -317 - m. What are the prime factors of x?
2, 157
Suppose -4*k - 5*t = 3707, 3*k - 4*t - 2780 = 6*k. List the prime factors of k/24*(-6)/4.
2, 29
Let v(j) = 2*j + 2. Let b(a) be the first derivative of -5*a**2 - 11*a - 5. Let w(l) = 6*b(l) + 33*v(l). What are the prime factors of w(6)?
2, 3
Let p be (-2 - (3 + -1))*(-24)/32. Suppose p*f + 816 = 15*f. What are the prime factors of f?
2, 17
Let q(p) = -104*p + 5. Let j(l) = -1. Let i(c) = 4*j(c) + q(c). List the prime factors of i(-1).
3, 5, 7
Let u(o) = -o**2 - 3*o + 6. Let b be u(-5). Let z be ((-6)/b)/((-9)/48). List the prime factors of ((-4)/z)/((-1)/(-36)).
2, 3
Suppose -58*a = -46*a - 9732. What are the prime factors of a?
811
Let d(n) = -n**3 - 5*n**2 + 6*n - 8. Let y be d(-6). List the prime factors of (142/(-8)*1)/(2/y).
71
Let z(d) = -d**3 + 13*d**2 + 2*d - 2. Suppose -2*y + y + 4 = 0. Suppose 9 = 3*g, -5*h = g - y*g - 56. List the prime factors of z(h).
2, 3
Suppose 118*m - 174928 = 14*m. What are the prime factors of m?
2, 29
Let x(r) = -1 - r**2 + 8*r + 0*r + r**3 + 9*r**2 + 2. Let y(t) = -t - 6. Let h be y(0). What are the prime factors of x(h)?
5
Suppose 4*k - 108 = 3*z + 84, -263 = -5*k - 2*z. What are the prime factors of k?
3, 17
Let l(z) = 995*z**2 + 7*z + 8. What are the prime factors of l(-1)?
2, 3, 83
List the prime factors of -3651*(-6)/(-36)*(-1 - 1).
1217
Suppose 0 = -2*t + 125 + 953. What are the prime factors of t?
7, 11
Suppose p + 20 = 6*p. Let m(d) = -2*d**3 + 8*d**2 - 21*d + 15. Let r(y) = y**3 - 4*y**2 + 10*y - 7. Let o(u) = 3*m(u) + 7*r(u). List the prime factors of o(p).
2, 3
Suppose -4*c + 42 + 14 = 4*v, -37 = -2*c + v. Let n = 26 - c. Suppose -n*k + 3*k = -60. List the prime factors of k.
2, 5
Let b(m) = -9 - 3*m + 10*m**2 - 2 - 8 + 3*m**2. List the prime factors of b(5).
3, 97
Suppose -l - 4 = t - 21, 4*t - 3*l - 54 = 0. Suppose -c = 2*c - t. Suppose z - 17 = m + 6, 60 = 2*z + c*m. List the prime factors of z.
5
Let x = -88 - -240. List the prime factors of x.
2, 19
Suppose -5*s = -5*l - 0*s + 4270, 0 = 4*l - 2*s - 3406. What are the prime factors of l?
3, 283
Suppose 3*o + 28 = n + 81, o + 3*n - 11 = 0. Suppose -12 = i - o. Suppose i*b - 24 = 3*y - 67, -5*y = -3*b - 93. What are the prime factors of y?
3, 7
Suppose -2*a + 43*d = 42*d - 3076, -3*d - 6 = 0. What are the prime factors of a?
29, 53
What are the prime factors of (159/(-27))/(6/(-72))*9?
2, 3, 53
Let l(w) = 337*w**2 - 11*w + 11. List the prime factors of l(1).
337
Let t(r) be the second derivative of -r**3/2 - 4*r**2 + 5*r. Suppose 46 = -5*z + 6. List the prime factors of t(z).
2
Let j = -23 + 22. Let w be (-3)/(-6)*(j + 1). Suppose 5*c - 20 = w, 5*c - 11 - 62 = -n. List the prime factors of n.
53
Let o(f) = -f + 1. Let w be o(6). Let m(s) = 19*s - 3. Let y be m(w). What are the prime factors of y/(-6) + (-12)/(-18)?
17
Let d(y) = 2*y - 9. Let g be d(6). Let l(t) = -t**2 - 7*t + 21. Let k be l(-9). Suppose -2*o = -5*i - 7 - 1, 21 = g*o - k*i. List the prime factors of o.
3
Suppose 0 = 3*h - b - 11464, 3205 = 3*h + 4*b - 8254. List the prime factors of h.
3821
Suppose -6*x = -4*x - 368. Suppose 0 = -5*m + x + 686. What are the prime factors of m?
2, 3, 29
List the prime factors of 24*(-322)/(-21) - -2.
2, 5, 37
Suppose 4*k - 56784 = -52*k. List the prime factors of k.
2, 3, 13
Let z be (-4 + 9/2)*0. Suppose -2*j + 5*y = -50, z = 2*j + y - 0*y - 50. Suppose i - m - 5 - 5 = 0, -5*m - j = 0. List the prime factors of i.
5
Suppose -848 = -4*q + 3*q. List the prime factors of q.
2, 53
Let v(z) = 540*z + 927. List the prime factors of v(6).
3, 463
Let c be ((-8)/4 - 22)*-1. Let r = c + -21. Suppose -2*i = r*n - 48, -i + 3*i + 8 = n. List the prime factors of n.
2, 7
Let x(i) be the second derivative of i**4/12 - i**3/6 + i**2/2 - i. Let z be x(0). List the prime factors of (24/z)/((-1)/(-1)).
2, 3
Let w = 47 - -68. List the prime factors of w + -2 + (5 - 8) + 7.
3, 13
Suppose 2*i = -3*b + 339 + 635, 1297 = 4*b + i. What are the prime factors of b?
2, 3
Let c = -19 + 50. Suppose -13 = -2*o - c. List the prime factors of 6/o + 69/9.
7
Let w(n) = 2*n**3 + 8*n**2 + 5*n + 3. Let i be w(-5). Let v be (2/2 - i) + 1. Let y = -42 + v. What are the prime factors of y?
2
Let o = 1773 + -1230. What are the prime factors of o?
3, 181
Suppose -7*c - 4530 = -5*c. List the prime factors of c/(-25) - (-2)/5.
7, 13
Let f(g) = 2*g + 1. Suppose 0 = 10*t - 7*t - 24. Let m = -5 + t. List the prime factors of f(m).
7
Let n(s) = s + 6. Let w be n(0). Let y be (-6)/4 + 33/w. Suppose 2*o - 5*r - 70 = -3*o, y*r = 0. What are the prime factors of o?
2, 7
Let u = 2408 + -1226. What are the prime factors of u?
2, 3, 197
Let z be ((-4)/(-3))/(4*(-5)/30). List the prime factors of z/(-3)*3 - -41.
43
Suppose 3*x = -2*b + 1098, 1013 + 1215 = 4*b - 2*x. List the prime factors of b.
3, 5, 37
Let m be (-14)/(-35) - 26/(-10). Let r = 9 + 17. Let w = r - m. List the prime factors of w.
23
Suppose 2701 + 9944 = 9*r. List the prime factors of r.
5, 281
Let x(t) = 42*t**2 + 1. Suppose -7*m = -6*m + 1. What are the prime factors of x(m)?
43
Let o(x) = -20*x - 9. Suppose -35 = 5*u - 10. List the prime factors of o(u).
7, 13
Let n = 2574 - -1534. List the prime factors of n.
2, 13, 79
Let k = 56 + -47. Let a(l) = 2*l**2 - 10*l + 7. What are the prime factors of a(k)?
79
Suppose 5533 - 477 = 4*l. List the prime factors of l.
2, 79
Suppose -3*q + 18 = -2*v, 2*v = -3*v + 15. Suppose 0 = -4*g + 2*r - 0*r + q, r + 4 = -3*g. Suppose g = -6*w + 4*w + 42. List the prime factors of w.
3, 7
Let m = 7 - 7. Let n be 42 + m/(-3) + -4. Suppose 0 = d - n - 2. What are the prime factors of d?
2, 5
Suppose 2*x + 5 = -5*l + 65, -4*x + 5*l = -90. Let t be (-1)/((-4 + 3)/x). Let y = 68 - t. What are the prime factors of y?
43
Let d = 1 + -1. Suppose d = 15*r - 14*r. Suppose 105 = 5*c - r*c. List the prime factors of c.
3, 7
Suppose -527*u = -526*u - 436. What are the prime factors of u?
2, 109
Suppose 12*h = 14*h - 4352. List the prime factors of h.
2, 17
Suppose -644 = -8*s + 5036. List the prime factors of s.
2, 5, 71
Let f(s) = 28*s**2 + 2*s - 11. List the prime factors of f(-4).
3, 11, 13
Suppose 0 = -k + 5*s - 5 + 37, -5*s = -5. What are the prime factors of k?
37
Let f(n) = -232*n + 185. What are the prime factors of f(-24)?
11, 523
Suppose 9*y - 2 = 7. List the prime factors of 9 + 71 + y + -2.
79
Suppose -20536 = -53*b + 45*b. List the prime factors of b.
17, 151
Let w = -28 - -12. Let a(r) = -2*r**2 + 6*r. Let p be a(4). Let h = p - w. What are the prime factors of h?
2
Let k(a) = 130*a**2 + 5*a - 13. List the prime factors of k(2).
11, 47
Let k(o) = -5*o + 26. Let x be k(4). Suppose 5*d + 897 = 3*r, 3*d + 597 = x*r - 4*r. What are the prime factors of r?
2, 3, 7
List the prime factors of 1398/4 + 15/(-30).
349
Let a = 2 + 1. Suppose a*l - 7 = 5. Suppose -2*p + r = -14 - 89, l*p - 191 = -3*r. List the prime factors of p.
2, 5
Suppose 3*l = 4*o - 0 - 129, o + 144 = -3*l. Let f = l - -108. Suppose 0 = -5*a + 64 + f. What are the prime factors of a?
5
Suppose 12205 = 7*n + 2951. What are the prime factors of n?
2, 661
What are the prime factors of (120/(-30))/((-1)/172)?
2, 43
Suppose 2*t = -6 - 2, 0 = -5*b + 2*t + 3163. What are the prime factors of b?
631
Suppose -4*q = -6*q - 176. Let k = q + 181. What are the prime factors of k?
3, 31
Suppose 0 = 3*u - 4 - 14. Suppose 6*j - u = 3*j. What are the prime factors of j?
2
Suppose -16*k = -22*k + 12516. What are the prime factors of k?
2, 7, 149
Let d be 6 - 17/((-102)/6372). Suppose -70 = -4*k - 14. List the prime factors of (-2)/k - d/(-28).
2, 19
Suppose -2*m - 5 = 2*q - 19, -m - 18 = -4*q. Suppose -2*t - i + 138 = i, q*t + 4*i - 346 = 0. What are the prime factors of t?
2, 5, 7
Let m(n) be the third derivative of n**5/60 + n**4/4 - 11*n**3/3 + 7*n**2. List the prime factors of m(-12).
2, 5
Let z(r) = -r**3 - 10*r**2 - 21*r - 91. What are the prime factors of z(-10)?
7, 17
Let n = 45 - 59. List the prime factors of (-940)/(-16) + (2 - n/(-8)).
59
Suppose -5*j + 15 = 0, 2*i + 968 - 2660 = -4*j. What are th